{"id":8091,"date":"2025-06-23T08:42:34","date_gmt":"2025-06-23T06:42:34","guid":{"rendered":"https:\/\/apavil.ro\/?page_id=8091"},"modified":"2025-06-23T08:42:34","modified_gmt":"2025-06-23T06:42:34","slug":"galerie-imagini-proiect-nemajor-pentru-realizarea-ratei-de-conectare-de-100-in-ramnicu-valcea-ocnele-mari-dragasani-calimanesti-babeni-si-baile-olanesti-fotografii-proiect","status":"publish","type":"page","link":"https:\/\/apavil.ro\/?page_id=8091","title":{"rendered":"Galerie Imagini &#8211; PROIECT NEMAJOR PENTRU REALIZAREA RATEI DE CONECTARE DE 100% \u00ceN R\u00c2MNICU V\u00c2LCEA, OCNELE MARI, DR\u0102G\u0102\u0218ANI, C\u0102LIM\u0102NE\u0218TI, B\u0102BENI \u0218I B\u0102ILE OL\u0102NE\u0218TI &#8211; Fotografii proiect"},"content":{"rendered":"\n<figure class=\"wp-block-table alignwide is-style-regular\"><table><tbody><tr><td class=\"has-text-align-center\" data-align=\"center\"><img style=\"width: 100px;\" src=\"https:\/\/apavil.ro\/materiale\/images\/logo%20UE.png\" alt=\"This image has an empty alt attribute; its file name is logo%20UE.png\"><\/td><td class=\"has-text-align-center\" data-align=\"center\"><img style=\"width: 100px;\" src=\"https:\/\/apavil.ro\/materiale\/images\/sigla_guv_coroana_albastru.png\" alt=\"This image has an empty alt attribute; its file name is sigla_guv_coroana_albastru.png\"><\/td><td class=\"has-text-align-center\" data-align=\"center\"><img style=\"width: 100px;\" src=\"https:\/\/apavil.ro\/materiale\/images\/logo%20IS-2014-2020.png\" alt=\"This image has an empty alt attribute; its file name is logo%20IS-2014-2020.png\"><\/td><\/tr><\/tbody><\/table><\/figure>\n\n\n\n<p>Fotografii proiect CF2 LOT 1<\/p>\n\n\n\n<figure class=\"wp-block-gallery has-nested-images columns-default is-cropped\">\n<figure class=\"wp-block-image size-large\"><img loading=\"lazy\" width=\"461\" height=\"1024\" data-id=\"8057\"  src=\"https:\/\/apavil.ro\/wp-content\/uploads\/2025\/06\/Autocolant-echipament1-461x1024.jpeg\" alt=\"\" class=\"wp-image-8057\" srcset=\"https:\/\/apavil.ro\/wp-content\/uploads\/2025\/06\/Autocolant-echipament1-461x1024.jpeg 461w, https:\/\/apavil.ro\/wp-content\/uploads\/2025\/06\/Autocolant-echipament1-180x400.jpeg 180w, https:\/\/apavil.ro\/wp-content\/uploads\/2025\/06\/Autocolant-echipament1-691x1536.jpeg 691w, https:\/\/apavil.ro\/wp-content\/uploads\/2025\/06\/Autocolant-echipament1.jpeg 720w\" sizes=\"(max-width: 461px) 100vw, 461px\" \/><\/figure>\n\n\n\n<figure class=\"wp-block-image size-large\"><img loading=\"lazy\" width=\"1024\" height=\"461\" data-id=\"8059\"  src=\"https:\/\/apavil.ro\/wp-content\/uploads\/2025\/06\/Panou-permanent1-1024x461.jpeg\" alt=\"\" class=\"wp-image-8059\" srcset=\"https:\/\/apavil.ro\/wp-content\/uploads\/2025\/06\/Panou-permanent1-1024x461.jpeg 1024w, https:\/\/apavil.ro\/wp-content\/uploads\/2025\/06\/Panou-permanent1-400x180.jpeg 400w, https:\/\/apavil.ro\/wp-content\/uploads\/2025\/06\/Panou-permanent1-768x346.jpeg 768w, https:\/\/apavil.ro\/wp-content\/uploads\/2025\/06\/Panou-permanent1-1536x691.jpeg 1536w, https:\/\/apavil.ro\/wp-content\/uploads\/2025\/06\/Panou-permanent1.jpeg 1600w\" sizes=\"(max-width: 1024px) 100vw, 1024px\" \/><\/figure>\n\n\n\n<figure class=\"wp-block-image size-large\"><img loading=\"lazy\" width=\"1024\" height=\"461\" data-id=\"8058\"  src=\"https:\/\/apavil.ro\/wp-content\/uploads\/2025\/06\/WhatsApp-Image-2024-03-28-at-08.44.081-1024x461.jpeg\" alt=\"\" class=\"wp-image-8058\" srcset=\"https:\/\/apavil.ro\/wp-content\/uploads\/2025\/06\/WhatsApp-Image-2024-03-28-at-08.44.081-1024x461.jpeg 1024w, https:\/\/apavil.ro\/wp-content\/uploads\/2025\/06\/WhatsApp-Image-2024-03-28-at-08.44.081-400x180.jpeg 400w, https:\/\/apavil.ro\/wp-content\/uploads\/2025\/06\/WhatsApp-Image-2024-03-28-at-08.44.081-768x346.jpeg 768w, https:\/\/apavil.ro\/wp-content\/uploads\/2025\/06\/WhatsApp-Image-2024-03-28-at-08.44.081-1536x691.jpeg 1536w, https:\/\/apavil.ro\/wp-content\/uploads\/2025\/06\/WhatsApp-Image-2024-03-28-at-08.44.081.jpeg 1600w\" sizes=\"(max-width: 1024px) 100vw, 1024px\" \/><\/figure>\n\n\n\n<figure class=\"wp-block-image size-large\"><img loading=\"lazy\" width=\"1024\" height=\"461\" data-id=\"8060\"  src=\"https:\/\/apavil.ro\/wp-content\/uploads\/2025\/06\/WhatsApp-Image-2024-03-28-at-08.44.09-11-1024x461.jpeg\" alt=\"\" class=\"wp-image-8060\" srcset=\"https:\/\/apavil.ro\/wp-content\/uploads\/2025\/06\/WhatsApp-Image-2024-03-28-at-08.44.09-11-1024x461.jpeg 1024w, https:\/\/apavil.ro\/wp-content\/uploads\/2025\/06\/WhatsApp-Image-2024-03-28-at-08.44.09-11-400x180.jpeg 400w, https:\/\/apavil.ro\/wp-content\/uploads\/2025\/06\/WhatsApp-Image-2024-03-28-at-08.44.09-11-768x346.jpeg 768w, https:\/\/apavil.ro\/wp-content\/uploads\/2025\/06\/WhatsApp-Image-2024-03-28-at-08.44.09-11-1536x691.jpeg 1536w, https:\/\/apavil.ro\/wp-content\/uploads\/2025\/06\/WhatsApp-Image-2024-03-28-at-08.44.09-11.jpeg 1600w\" sizes=\"(max-width: 1024px) 100vw, 1024px\" \/><\/figure>\n\n\n\n<figure class=\"wp-block-image size-large\"><img loading=\"lazy\" width=\"1024\" height=\"461\" data-id=\"8061\"  src=\"https:\/\/apavil.ro\/wp-content\/uploads\/2025\/06\/WhatsApp-Image-2024-03-28-at-08.46.19-21-1024x461.jpeg\" alt=\"\" class=\"wp-image-8061\" srcset=\"https:\/\/apavil.ro\/wp-content\/uploads\/2025\/06\/WhatsApp-Image-2024-03-28-at-08.46.19-21-1024x461.jpeg 1024w, https:\/\/apavil.ro\/wp-content\/uploads\/2025\/06\/WhatsApp-Image-2024-03-28-at-08.46.19-21-400x180.jpeg 400w, https:\/\/apavil.ro\/wp-content\/uploads\/2025\/06\/WhatsApp-Image-2024-03-28-at-08.46.19-21-768x346.jpeg 768w, https:\/\/apavil.ro\/wp-content\/uploads\/2025\/06\/WhatsApp-Image-2024-03-28-at-08.46.19-21-1536x691.jpeg 1536w, https:\/\/apavil.ro\/wp-content\/uploads\/2025\/06\/WhatsApp-Image-2024-03-28-at-08.46.19-21.jpeg 1600w\" sizes=\"(max-width: 1024px) 100vw, 1024px\" \/><\/figure>\n\n\n\n<figure class=\"wp-block-image size-large\"><img loading=\"lazy\" width=\"1024\" height=\"461\" data-id=\"8062\"  src=\"https:\/\/apavil.ro\/wp-content\/uploads\/2025\/06\/WhatsApp-Image-2024-03-28-at-08.46.191-1024x461.jpeg\" alt=\"\" class=\"wp-image-8062\" srcset=\"https:\/\/apavil.ro\/wp-content\/uploads\/2025\/06\/WhatsApp-Image-2024-03-28-at-08.46.191-1024x461.jpeg 1024w, https:\/\/apavil.ro\/wp-content\/uploads\/2025\/06\/WhatsApp-Image-2024-03-28-at-08.46.191-400x180.jpeg 400w, https:\/\/apavil.ro\/wp-content\/uploads\/2025\/06\/WhatsApp-Image-2024-03-28-at-08.46.191-768x346.jpeg 768w, https:\/\/apavil.ro\/wp-content\/uploads\/2025\/06\/WhatsApp-Image-2024-03-28-at-08.46.191-1536x691.jpeg 1536w, https:\/\/apavil.ro\/wp-content\/uploads\/2025\/06\/WhatsApp-Image-2024-03-28-at-08.46.191.jpeg 1600w\" sizes=\"(max-width: 1024px) 100vw, 1024px\" \/><\/figure>\n\n\n\n<figure class=\"wp-block-image size-large\"><img loading=\"lazy\" width=\"1024\" height=\"768\" data-id=\"8063\"  src=\"https:\/\/apavil.ro\/wp-content\/uploads\/2025\/06\/WhatsApp-Image-2024-03-28-at-11.03.121-1024x768.jpeg\" alt=\"\" class=\"wp-image-8063\" srcset=\"https:\/\/apavil.ro\/wp-content\/uploads\/2025\/06\/WhatsApp-Image-2024-03-28-at-11.03.121-1024x768.jpeg 1024w, https:\/\/apavil.ro\/wp-content\/uploads\/2025\/06\/WhatsApp-Image-2024-03-28-at-11.03.121-400x300.jpeg 400w, https:\/\/apavil.ro\/wp-content\/uploads\/2025\/06\/WhatsApp-Image-2024-03-28-at-11.03.121-768x576.jpeg 768w, https:\/\/apavil.ro\/wp-content\/uploads\/2025\/06\/WhatsApp-Image-2024-03-28-at-11.03.121-1536x1152.jpeg 1536w, https:\/\/apavil.ro\/wp-content\/uploads\/2025\/06\/WhatsApp-Image-2024-03-28-at-11.03.121.jpeg 1600w\" sizes=\"(max-width: 1024px) 100vw, 1024px\" \/><\/figure>\n\n\n\n<figure class=\"wp-block-image size-large\"><img loading=\"lazy\" width=\"768\" height=\"1024\" data-id=\"8064\"  src=\"https:\/\/apavil.ro\/wp-content\/uploads\/2025\/06\/WhatsApp-Image-2025-06-04-at-11.34.0511-768x1024.jpg\" alt=\"\" class=\"wp-image-8064\" srcset=\"https:\/\/apavil.ro\/wp-content\/uploads\/2025\/06\/WhatsApp-Image-2025-06-04-at-11.34.0511-768x1024.jpg 768w, https:\/\/apavil.ro\/wp-content\/uploads\/2025\/06\/WhatsApp-Image-2025-06-04-at-11.34.0511-300x400.jpg 300w, https:\/\/apavil.ro\/wp-content\/uploads\/2025\/06\/WhatsApp-Image-2025-06-04-at-11.34.0511-1152x1536.jpg 1152w, https:\/\/apavil.ro\/wp-content\/uploads\/2025\/06\/WhatsApp-Image-2025-06-04-at-11.34.0511-1536x2048.jpg 1536w, https:\/\/apavil.ro\/wp-content\/uploads\/2025\/06\/WhatsApp-Image-2025-06-04-at-11.34.0511.jpg 1920w\" sizes=\"(max-width: 768px) 100vw, 768px\" \/><\/figure>\n\n\n\n<figure class=\"wp-block-image size-large\"><img loading=\"lazy\" width=\"768\" height=\"1024\" data-id=\"8065\"  src=\"https:\/\/apavil.ro\/wp-content\/uploads\/2025\/06\/WhatsApp-Image-2025-06-04-at-11.34.052-768x1024.jpg\" alt=\"\" class=\"wp-image-8065\" srcset=\"https:\/\/apavil.ro\/wp-content\/uploads\/2025\/06\/WhatsApp-Image-2025-06-04-at-11.34.052-768x1024.jpg 768w, https:\/\/apavil.ro\/wp-content\/uploads\/2025\/06\/WhatsApp-Image-2025-06-04-at-11.34.052-300x400.jpg 300w, https:\/\/apavil.ro\/wp-content\/uploads\/2025\/06\/WhatsApp-Image-2025-06-04-at-11.34.052-1152x1536.jpg 1152w, https:\/\/apavil.ro\/wp-content\/uploads\/2025\/06\/WhatsApp-Image-2025-06-04-at-11.34.052.jpg 1512w\" sizes=\"(max-width: 768px) 100vw, 768px\" \/><\/figure>\n\n\n\n<figure class=\"wp-block-image size-large\"><img loading=\"lazy\" width=\"768\" height=\"1024\" data-id=\"8067\"  src=\"https:\/\/apavil.ro\/wp-content\/uploads\/2025\/06\/WhatsApp-Image-2025-06-04-at-11.34.0671-768x1024.jpg\" alt=\"\" class=\"wp-image-8067\" srcset=\"https:\/\/apavil.ro\/wp-content\/uploads\/2025\/06\/WhatsApp-Image-2025-06-04-at-11.34.0671-768x1024.jpg 768w, https:\/\/apavil.ro\/wp-content\/uploads\/2025\/06\/WhatsApp-Image-2025-06-04-at-11.34.0671-300x400.jpg 300w, https:\/\/apavil.ro\/wp-content\/uploads\/2025\/06\/WhatsApp-Image-2025-06-04-at-11.34.0671-1152x1536.jpg 1152w, https:\/\/apavil.ro\/wp-content\/uploads\/2025\/06\/WhatsApp-Image-2025-06-04-at-11.34.0671-1536x2048.jpg 1536w, https:\/\/apavil.ro\/wp-content\/uploads\/2025\/06\/WhatsApp-Image-2025-06-04-at-11.34.0671.jpg 1920w\" sizes=\"(max-width: 768px) 100vw, 768px\" \/><\/figure>\n\n\n\n<figure class=\"wp-block-image size-large\"><img loading=\"lazy\" width=\"768\" height=\"1024\" data-id=\"8066\"  src=\"https:\/\/apavil.ro\/wp-content\/uploads\/2025\/06\/WhatsApp-Image-2025-06-04-at-11.34.061-768x1024.jpg\" alt=\"\" class=\"wp-image-8066\" srcset=\"https:\/\/apavil.ro\/wp-content\/uploads\/2025\/06\/WhatsApp-Image-2025-06-04-at-11.34.061-768x1024.jpg 768w, https:\/\/apavil.ro\/wp-content\/uploads\/2025\/06\/WhatsApp-Image-2025-06-04-at-11.34.061-300x400.jpg 300w, https:\/\/apavil.ro\/wp-content\/uploads\/2025\/06\/WhatsApp-Image-2025-06-04-at-11.34.061-1152x1536.jpg 1152w, https:\/\/apavil.ro\/wp-content\/uploads\/2025\/06\/WhatsApp-Image-2025-06-04-at-11.34.061-1536x2048.jpg 1536w, https:\/\/apavil.ro\/wp-content\/uploads\/2025\/06\/WhatsApp-Image-2025-06-04-at-11.34.061.jpg 1920w\" sizes=\"(max-width: 768px) 100vw, 768px\" \/><\/figure>\n<\/figure>\n\n\n\n<p><\/p>\n\n\n\n<p>Fotografii proiect CF2 LOT 2<\/p>\n\n\n\n<figure class=\"wp-block-gallery has-nested-images columns-default is-cropped\">\n<figure class=\"wp-block-image size-large\"><img loading=\"lazy\" width=\"768\" height=\"1024\" data-id=\"8070\"  src=\"https:\/\/apavil.ro\/wp-content\/uploads\/2025\/06\/IMG_20250507_111150274-768x1024.jpg\" alt=\"\" class=\"wp-image-8070\" srcset=\"https:\/\/apavil.ro\/wp-content\/uploads\/2025\/06\/IMG_20250507_111150274-768x1024.jpg 768w, https:\/\/apavil.ro\/wp-content\/uploads\/2025\/06\/IMG_20250507_111150274-300x400.jpg 300w, https:\/\/apavil.ro\/wp-content\/uploads\/2025\/06\/IMG_20250507_111150274-1152x1536.jpg 1152w, https:\/\/apavil.ro\/wp-content\/uploads\/2025\/06\/IMG_20250507_111150274.jpg 1536w\" sizes=\"(max-width: 768px) 100vw, 768px\" \/><\/figure>\n\n\n\n<figure class=\"wp-block-image size-large\"><img loading=\"lazy\" width=\"1024\" height=\"771\" data-id=\"8071\"  src=\"https:\/\/apavil.ro\/wp-content\/uploads\/2025\/06\/IMG_20250507_111115974-1024x771.jpg\" alt=\"\" class=\"wp-image-8071\" srcset=\"https:\/\/apavil.ro\/wp-content\/uploads\/2025\/06\/IMG_20250507_111115974-1024x771.jpg 1024w, https:\/\/apavil.ro\/wp-content\/uploads\/2025\/06\/IMG_20250507_111115974-400x301.jpg 400w, https:\/\/apavil.ro\/wp-content\/uploads\/2025\/06\/IMG_20250507_111115974-768x578.jpg 768w, https:\/\/apavil.ro\/wp-content\/uploads\/2025\/06\/IMG_20250507_111115974-1536x1157.jpg 1536w, https:\/\/apavil.ro\/wp-content\/uploads\/2025\/06\/IMG_20250507_111115974.jpg 2040w\" sizes=\"(max-width: 1024px) 100vw, 1024px\" \/><\/figure>\n\n\n\n<figure class=\"wp-block-image size-large\"><img loading=\"lazy\" width=\"1024\" height=\"768\" data-id=\"8077\"  src=\"https:\/\/apavil.ro\/wp-content\/uploads\/2025\/06\/IMG_20250507_110345630-1024x768.jpg\" alt=\"\" class=\"wp-image-8077\" srcset=\"https:\/\/apavil.ro\/wp-content\/uploads\/2025\/06\/IMG_20250507_110345630-1024x768.jpg 1024w, https:\/\/apavil.ro\/wp-content\/uploads\/2025\/06\/IMG_20250507_110345630-400x300.jpg 400w, https:\/\/apavil.ro\/wp-content\/uploads\/2025\/06\/IMG_20250507_110345630-768x576.jpg 768w, https:\/\/apavil.ro\/wp-content\/uploads\/2025\/06\/IMG_20250507_110345630-1536x1152.jpg 1536w, https:\/\/apavil.ro\/wp-content\/uploads\/2025\/06\/IMG_20250507_110345630.jpg 2048w\" sizes=\"(max-width: 1024px) 100vw, 1024px\" \/><\/figure>\n\n\n\n<figure class=\"wp-block-image size-large\"><img loading=\"lazy\" width=\"1024\" height=\"768\" data-id=\"8076\"  src=\"https:\/\/apavil.ro\/wp-content\/uploads\/2025\/06\/IMG_20250507_110321669-1024x768.jpg\" alt=\"\" class=\"wp-image-8076\" srcset=\"https:\/\/apavil.ro\/wp-content\/uploads\/2025\/06\/IMG_20250507_110321669-1024x768.jpg 1024w, https:\/\/apavil.ro\/wp-content\/uploads\/2025\/06\/IMG_20250507_110321669-400x300.jpg 400w, https:\/\/apavil.ro\/wp-content\/uploads\/2025\/06\/IMG_20250507_110321669-768x576.jpg 768w, https:\/\/apavil.ro\/wp-content\/uploads\/2025\/06\/IMG_20250507_110321669-1536x1152.jpg 1536w, https:\/\/apavil.ro\/wp-content\/uploads\/2025\/06\/IMG_20250507_110321669.jpg 2048w\" sizes=\"(max-width: 1024px) 100vw, 1024px\" \/><\/figure>\n\n\n\n<figure class=\"wp-block-image size-large\"><img loading=\"lazy\" width=\"768\" height=\"1024\" data-id=\"8075\"  src=\"https:\/\/apavil.ro\/wp-content\/uploads\/2025\/06\/IMG_20250507_111403710-768x1024.jpg\" alt=\"\" class=\"wp-image-8075\" srcset=\"https:\/\/apavil.ro\/wp-content\/uploads\/2025\/06\/IMG_20250507_111403710-768x1024.jpg 768w, https:\/\/apavil.ro\/wp-content\/uploads\/2025\/06\/IMG_20250507_111403710-300x400.jpg 300w, https:\/\/apavil.ro\/wp-content\/uploads\/2025\/06\/IMG_20250507_111403710-1152x1536.jpg 1152w, https:\/\/apavil.ro\/wp-content\/uploads\/2025\/06\/IMG_20250507_111403710.jpg 1536w\" sizes=\"(max-width: 768px) 100vw, 768px\" \/><\/figure>\n\n\n\n<figure class=\"wp-block-image size-large\"><img loading=\"lazy\" width=\"1024\" height=\"768\" data-id=\"8073\"  src=\"https:\/\/apavil.ro\/wp-content\/uploads\/2025\/06\/IMG_20250507_111256184-1024x768.jpg\" alt=\"\" class=\"wp-image-8073\" srcset=\"https:\/\/apavil.ro\/wp-content\/uploads\/2025\/06\/IMG_20250507_111256184-1024x768.jpg 1024w, https:\/\/apavil.ro\/wp-content\/uploads\/2025\/06\/IMG_20250507_111256184-400x300.jpg 400w, https:\/\/apavil.ro\/wp-content\/uploads\/2025\/06\/IMG_20250507_111256184-768x576.jpg 768w, https:\/\/apavil.ro\/wp-content\/uploads\/2025\/06\/IMG_20250507_111256184-1536x1152.jpg 1536w, https:\/\/apavil.ro\/wp-content\/uploads\/2025\/06\/IMG_20250507_111256184.jpg 2048w\" sizes=\"(max-width: 1024px) 100vw, 1024px\" \/><\/figure>\n\n\n\n<figure class=\"wp-block-image size-large\"><img loading=\"lazy\" width=\"768\" height=\"1024\" data-id=\"8074\"  src=\"https:\/\/apavil.ro\/wp-content\/uploads\/2025\/06\/IMG_20250507_111237737-768x1024.jpg\" alt=\"\" class=\"wp-image-8074\" srcset=\"https:\/\/apavil.ro\/wp-content\/uploads\/2025\/06\/IMG_20250507_111237737-768x1024.jpg 768w, https:\/\/apavil.ro\/wp-content\/uploads\/2025\/06\/IMG_20250507_111237737-300x400.jpg 300w, https:\/\/apavil.ro\/wp-content\/uploads\/2025\/06\/IMG_20250507_111237737-1152x1536.jpg 1152w, https:\/\/apavil.ro\/wp-content\/uploads\/2025\/06\/IMG_20250507_111237737.jpg 1536w\" sizes=\"(max-width: 768px) 100vw, 768px\" \/><\/figure>\n\n\n\n<figure class=\"wp-block-image size-large\"><img loading=\"lazy\" width=\"768\" height=\"1024\" data-id=\"8072\"  src=\"https:\/\/apavil.ro\/wp-content\/uploads\/2025\/06\/IMG_20250507_111209478-768x1024.jpg\" alt=\"\" class=\"wp-image-8072\" srcset=\"https:\/\/apavil.ro\/wp-content\/uploads\/2025\/06\/IMG_20250507_111209478-768x1024.jpg 768w, https:\/\/apavil.ro\/wp-content\/uploads\/2025\/06\/IMG_20250507_111209478-300x400.jpg 300w, https:\/\/apavil.ro\/wp-content\/uploads\/2025\/06\/IMG_20250507_111209478-1152x1536.jpg 1152w, https:\/\/apavil.ro\/wp-content\/uploads\/2025\/06\/IMG_20250507_111209478.jpg 1536w\" sizes=\"(max-width: 768px) 100vw, 768px\" \/><\/figure>\n\n\n\n<figure class=\"wp-block-image\"><img alt=\"\"\/><\/figure>\n<\/figure>\n\n\n\n<p><\/p>\n\n\n\n<div style=\"width:100%; text-align:center;\">\n<p><br><\/p>\n<p><br><\/p>\n<p><br><\/p>\n<p><br><\/p>\n<p><br><\/p>\n<p><br><\/p>\n<p><br><\/p>\n<p><br><\/p>\n<img loading=\"lazy\" src=\"https:\/\/apavil.ro\/wp-content\/uploads\/2025\/03\/cropped-apavil-logo.jpg\" alt=\"\" width=\"75\" height=\"75\"><\/div>\n<div style=\"width:100%; text-align:center;\">\n<p class=\"has-text-align-center\">Con\u021binutul acestui material nu reprezint\u0103 \u00een mod obligatoriu pozi\u021bia oficial\u0103 a Uniunii Europene sau a Guvernului Rom\u00e2niei<\/p>\n\n<p class=\"has-text-align-center\"> Pentru informa\u021bii detaliate despre celelalte programe cofinan\u021bate de Uniunea European\u0103, <br>v\u0103 invit\u0103m s\u0103 vizita\u021bi: <a href=\"https:\/\/mfe.gov.ro\/\">https:\/\/mfe.gov.ro\/<\/a><\/p> \n<\/div>\n","protected":false},"excerpt":{"rendered":"<p>Fotografii proiect CF2 LOT 1 Fotografii proiect CF2 LOT 2 Con\u021binutul acestui material nu reprezint\u0103 \u00een mod obligatoriu pozi\u021bia oficial\u0103 a Uniunii Europene sau a Guvernului Rom\u00e2niei Pentru informa\u021bii detaliate despre celelalte programe cofinan\u021bate de Uniunea European\u0103, v\u0103 invit\u0103m s\u0103<\/p>\n","protected":false},"author":1,"featured_media":0,"parent":0,"menu_order":0,"comment_status":"closed","ping_status":"closed","template":"","meta":[],"_links":{"self":[{"href":"https:\/\/apavil.ro\/index.php?rest_route=\/wp\/v2\/pages\/8091"}],"collection":[{"href":"https:\/\/apavil.ro\/index.php?rest_route=\/wp\/v2\/pages"}],"about":[{"href":"https:\/\/apavil.ro\/index.php?rest_route=\/wp\/v2\/types\/page"}],"author":[{"embeddable":true,"href":"https:\/\/apavil.ro\/index.php?rest_route=\/wp\/v2\/users\/1"}],"replies":[{"embeddable":true,"href":"https:\/\/apavil.ro\/index.php?rest_route=%2Fwp%2Fv2%2Fcomments&post=8091"}],"version-history":[{"count":1,"href":"https:\/\/apavil.ro\/index.php?rest_route=\/wp\/v2\/pages\/8091\/revisions"}],"predecessor-version":[{"id":8092,"href":"https:\/\/apavil.ro\/index.php?rest_route=\/wp\/v2\/pages\/8091\/revisions\/8092"}],"wp:attachment":[{"href":"https:\/\/apavil.ro\/index.php?rest_route=%2Fwp%2Fv2%2Fmedia&parent=8091"}],"curies":[{"name":"wp","href":"https:\/\/api.w.org\/{rel}","templated":true}]}}