{"id":7699,"date":"2025-03-20T13:04:08","date_gmt":"2025-03-20T11:04:08","guid":{"rendered":"https:\/\/apavil.ro\/?page_id=7699"},"modified":"2025-03-20T13:44:11","modified_gmt":"2025-03-20T11:44:11","slug":"proiecte-pdd-2021-2027-etapa-ii","status":"publish","type":"page","link":"https:\/\/apavil.ro\/?page_id=7699","title":{"rendered":"Proiecte PDD 2021-2027"},"content":{"rendered":"\n<style>\n.wp-block-post-template{\nlist-style:none!important\n}\n#content .post {\npadding-bottom:0px;\n}\n.wp-block-separator{\nmargin: 1px 0;\n}\n<\/style>\n<table style=\"border:none;\"><tbody><tr><td class=\"has-text-align-center\" data-align=\"center\" style=\"border:0;width:400px;\"><img style=\"height: 100;\" src=\"https:\/\/apavil.ro\/materiale\/pdd\/pdd.png\"><\/td><td class=\"has-text-align-right\" data-align=\"right\" style=\"border:0; width:400px;\"><img style=\"height: 100px;\" src=\"https:\/\/apavil.ro\/materiale\/images\/sigla_guv_coroana_albastru.png\"><\/td><\/tr><\/tbody><\/table>\n\n\n\n<div style=\"text-align:center\">\n<p><br><\/p>\n<p><br><\/p>\n<p><br><\/p>\n<p><a href=\"https:\/\/apavil.ro\/?page_id=7694\">Sprijin pentru preg\u0103tirea aplica\u021biei de finan\u021bare \u0219i a documenta\u021biilor de atribuire pentru proiectul regional de dezvoltare a infrastructurii de ap\u0103 \u0219i ap\u0103 uzat\u0103 din jude\u021bul V\u00e2lcea, \u00een perioada 2014-2020 \u2013 Etapa II\u201c cod SMIS 2021+ 319461<\/a> <\/p>\n<p><br><\/p>\n<p><a href=\"https:\/\/apavil.ro\/?page_id=6931\">Proiect Nemajor pentru Realizarea ratei de conectare de 100% \u00een R\u00e2mnicu V\u00e2lcea, Ocnele Mari, Dr\u0103g\u0103\u0219ani, C\u0103lim\u0103ne\u0219ti, B\u0103beni \u0219i B\u0103ile Ol\u0103ne\u0219ti \u2013 etapa II\u201c cod SMIS 2021+ 318852<\/a> <\/p>\n<p><br><\/p>\n<p><br><\/p>\n<p><br><\/p>\n<p><br><\/p>\n<p><br><\/p>\n<\/div>\n\n\n\n<div style=\"width:100%; text-align:center;\"><img loading=\"lazy\" src=\"https:\/\/apavil.ro\/wp-content\/uploads\/2025\/03\/cropped-apavil-logo.jpg\" alt=\"\" width=\"75\" height=\"75\"><\/div>\n<div style=\"width:100%; text-align:center;\">\n<p class=\"has-text-align-center\">Con\u021binutul acestui material nu reprezint\u0103 \u00een mod obligatoriu pozi\u021bia oficial\u0103 a Uniunii Europene sau a Guvernului Rom\u00e2niei<\/p>\n\n<p class=\"has-text-align-center\"> Pentru informa\u021bii detaliate despre celelalte programe cofinan\u021bate de Uniunea European\u0103, <br>v\u0103 invit\u0103m s\u0103 vizita\u021bi: <a href=\"https:\/\/mfe.gov.ro\/\">https:\/\/mfe.gov.ro\/<\/a><\/p> \n<\/div>\n","protected":false},"excerpt":{"rendered":"<p>Sprijin pentru preg\u0103tirea aplica\u021biei de finan\u021bare \u0219i a documenta\u021biilor de atribuire pentru proiectul regional de dezvoltare a infrastructurii de ap\u0103 \u0219i ap\u0103 uzat\u0103 din jude\u021bul V\u00e2lcea, \u00een perioada 2014-2020 \u2013 Etapa II\u201c cod SMIS 2021+ 319461 Proiect Nemajor pentru Realizarea<\/p>\n","protected":false},"author":1,"featured_media":0,"parent":0,"menu_order":0,"comment_status":"closed","ping_status":"closed","template":"","meta":[],"_links":{"self":[{"href":"https:\/\/apavil.ro\/index.php?rest_route=\/wp\/v2\/pages\/7699"}],"collection":[{"href":"https:\/\/apavil.ro\/index.php?rest_route=\/wp\/v2\/pages"}],"about":[{"href":"https:\/\/apavil.ro\/index.php?rest_route=\/wp\/v2\/types\/page"}],"author":[{"embeddable":true,"href":"https:\/\/apavil.ro\/index.php?rest_route=\/wp\/v2\/users\/1"}],"replies":[{"embeddable":true,"href":"https:\/\/apavil.ro\/index.php?rest_route=%2Fwp%2Fv2%2Fcomments&post=7699"}],"version-history":[{"count":4,"href":"https:\/\/apavil.ro\/index.php?rest_route=\/wp\/v2\/pages\/7699\/revisions"}],"predecessor-version":[{"id":7714,"href":"https:\/\/apavil.ro\/index.php?rest_route=\/wp\/v2\/pages\/7699\/revisions\/7714"}],"wp:attachment":[{"href":"https:\/\/apavil.ro\/index.php?rest_route=%2Fwp%2Fv2%2Fmedia&parent=7699"}],"curies":[{"name":"wp","href":"https:\/\/api.w.org\/{rel}","templated":true}]}}